{"id":23,"date":"2012-10-11T18:46:53","date_gmt":"2012-10-11T18:46:53","guid":{"rendered":"http:\/\/smartit.webtemplatemasters.com\/?page_id=23"},"modified":"2012-10-11T18:46:53","modified_gmt":"2012-10-11T18:46:53","slug":"news-alternate","status":"publish","type":"page","link":"https:\/\/rotasolucoesti.com.br\/index.php\/news\/news-alternate\/","title":{"rendered":"News Alternate"},"content":{"rendered":"","protected":false},"excerpt":{"rendered":"","protected":false},"author":2,"featured_media":0,"parent":20,"menu_order":0,"comment_status":"open","ping_status":"closed","template":"template-blog-alternate.php","meta":{"om_disable_all_campaigns":false,"_monsterinsights_skip_tracking":false,"_monsterinsights_sitenote_active":false,"_monsterinsights_sitenote_note":"","_monsterinsights_sitenote_category":0,"footnotes":""},"class_list":["post-23","page","type-page","status-publish","hentry"],"yoast_head":"<!-- This site is optimized with the Yoast SEO plugin v19.2 - https:\/\/yoast.com\/wordpress\/plugins\/seo\/ -->\n<title>News Alternate - Rota Solu\u00e7\u00f5es em TI<\/title>\n<meta name=\"robots\" content=\"noindex, follow, max-snippet:-1, max-image-preview:large, max-video-preview:-1\" \/>\n<meta property=\"og:locale\" content=\"en_US\" \/>\n<meta property=\"og:type\" content=\"article\" \/>\n<meta property=\"og:title\" content=\"News Alternate - Rota Solu\u00e7\u00f5es em TI\" \/>\n<meta property=\"og:url\" content=\"https:\/\/rotasolucoesti.com.br\/index.php\/news\/news-alternate\/\" \/>\n<meta property=\"og:site_name\" content=\"Rota Solu\u00e7\u00f5es em TI\" \/>\n<meta name=\"author\" content=\"Alex TM\" \/>\n<meta name=\"twitter:card\" content=\"summary_large_image\" \/>\n<script type=\"application\/ld+json\" class=\"yoast-schema-graph\">{\"@context\":\"https:\/\/schema.org\",\"@graph\":[{\"@type\":\"WebSite\",\"@id\":\"https:\/\/rotasolucoesti.com.br\/#website\",\"url\":\"https:\/\/rotasolucoesti.com.br\/\",\"name\":\"Rota Solu\u00e7\u00f5es em TI\",\"description\":\"S\u00f3 mais um site WordPress\",\"potentialAction\":[{\"@type\":\"SearchAction\",\"target\":{\"@type\":\"EntryPoint\",\"urlTemplate\":\"https:\/\/rotasolucoesti.com.br\/?s={search_term_string}\"},\"query-input\":\"required name=search_term_string\"}],\"inLanguage\":\"en-US\"},{\"@type\":\"WebPage\",\"@id\":\"https:\/\/rotasolucoesti.com.br\/index.php\/news\/news-alternate\/#webpage\",\"url\":\"https:\/\/rotasolucoesti.com.br\/index.php\/news\/news-alternate\/\",\"name\":\"News Alternate - Rota Solu\u00e7\u00f5es em TI\",\"isPartOf\":{\"@id\":\"https:\/\/rotasolucoesti.com.br\/#website\"},\"datePublished\":\"2012-10-11T18:46:53+00:00\",\"dateModified\":\"2012-10-11T18:46:53+00:00\",\"breadcrumb\":{\"@id\":\"https:\/\/rotasolucoesti.com.br\/index.php\/news\/news-alternate\/#breadcrumb\"},\"inLanguage\":\"en-US\",\"potentialAction\":[{\"@type\":\"ReadAction\",\"target\":[\"https:\/\/rotasolucoesti.com.br\/index.php\/news\/news-alternate\/\"]}]},{\"@type\":\"BreadcrumbList\",\"@id\":\"https:\/\/rotasolucoesti.com.br\/index.php\/news\/news-alternate\/#breadcrumb\",\"itemListElement\":[{\"@type\":\"ListItem\",\"position\":1,\"name\":\"In\u00edcio\",\"item\":\"https:\/\/rotasolucoesti.com.br\/\"},{\"@type\":\"ListItem\",\"position\":2,\"name\":\"News\",\"item\":\"https:\/\/rotasolucoesti.com.br\/index.php\/news\/\"},{\"@type\":\"ListItem\",\"position\":3,\"name\":\"News Alternate\"}]}]}<\/script>\n<!-- \/ Yoast SEO plugin. -->","yoast_head_json":{"title":"News Alternate - Rota Solu\u00e7\u00f5es em TI","robots":{"index":"noindex","follow":"follow","max-snippet":"max-snippet:-1","max-image-preview":"max-image-preview:large","max-video-preview":"max-video-preview:-1"},"og_locale":"en_US","og_type":"article","og_title":"News Alternate - Rota Solu\u00e7\u00f5es em TI","og_url":"https:\/\/rotasolucoesti.com.br\/index.php\/news\/news-alternate\/","og_site_name":"Rota Solu\u00e7\u00f5es em TI","author":"Alex TM","twitter_card":"summary_large_image","schema":{"@context":"https:\/\/schema.org","@graph":[{"@type":"WebSite","@id":"https:\/\/rotasolucoesti.com.br\/#website","url":"https:\/\/rotasolucoesti.com.br\/","name":"Rota Solu\u00e7\u00f5es em TI","description":"S\u00f3 mais um site WordPress","potentialAction":[{"@type":"SearchAction","target":{"@type":"EntryPoint","urlTemplate":"https:\/\/rotasolucoesti.com.br\/?s={search_term_string}"},"query-input":"required name=search_term_string"}],"inLanguage":"en-US"},{"@type":"WebPage","@id":"https:\/\/rotasolucoesti.com.br\/index.php\/news\/news-alternate\/#webpage","url":"https:\/\/rotasolucoesti.com.br\/index.php\/news\/news-alternate\/","name":"News Alternate - Rota Solu\u00e7\u00f5es em TI","isPartOf":{"@id":"https:\/\/rotasolucoesti.com.br\/#website"},"datePublished":"2012-10-11T18:46:53+00:00","dateModified":"2012-10-11T18:46:53+00:00","breadcrumb":{"@id":"https:\/\/rotasolucoesti.com.br\/index.php\/news\/news-alternate\/#breadcrumb"},"inLanguage":"en-US","potentialAction":[{"@type":"ReadAction","target":["https:\/\/rotasolucoesti.com.br\/index.php\/news\/news-alternate\/"]}]},{"@type":"BreadcrumbList","@id":"https:\/\/rotasolucoesti.com.br\/index.php\/news\/news-alternate\/#breadcrumb","itemListElement":[{"@type":"ListItem","position":1,"name":"In\u00edcio","item":"https:\/\/rotasolucoesti.com.br\/"},{"@type":"ListItem","position":2,"name":"News","item":"https:\/\/rotasolucoesti.com.br\/index.php\/news\/"},{"@type":"ListItem","position":3,"name":"News Alternate"}]}]}},"_links":{"self":[{"href":"https:\/\/rotasolucoesti.com.br\/index.php\/wp-json\/wp\/v2\/pages\/23","targetHints":{"allow":["GET"]}}],"collection":[{"href":"https:\/\/rotasolucoesti.com.br\/index.php\/wp-json\/wp\/v2\/pages"}],"about":[{"href":"https:\/\/rotasolucoesti.com.br\/index.php\/wp-json\/wp\/v2\/types\/page"}],"author":[{"embeddable":true,"href":"https:\/\/rotasolucoesti.com.br\/index.php\/wp-json\/wp\/v2\/users\/2"}],"replies":[{"embeddable":true,"href":"https:\/\/rotasolucoesti.com.br\/index.php\/wp-json\/wp\/v2\/comments?post=23"}],"version-history":[{"count":0,"href":"https:\/\/rotasolucoesti.com.br\/index.php\/wp-json\/wp\/v2\/pages\/23\/revisions"}],"up":[{"embeddable":true,"href":"https:\/\/rotasolucoesti.com.br\/index.php\/wp-json\/wp\/v2\/pages\/20"}],"wp:attachment":[{"href":"https:\/\/rotasolucoesti.com.br\/index.php\/wp-json\/wp\/v2\/media?parent=23"}],"curies":[{"name":"wp","href":"https:\/\/api.w.org\/{rel}","templated":true}]}}